{"id":433,"date":"2019-09-04T17:24:08","date_gmt":"2019-09-04T15:24:08","guid":{"rendered":"https:\/\/calatorao.net\/?page_id=433"},"modified":"2019-09-25T10:40:43","modified_gmt":"2019-09-25T08:40:43","slug":"500-aniversario-del-santo-cristo","status":"publish","type":"page","link":"https:\/\/calatorao.net\/?page_id=433","title":{"rendered":"500 Aniversario del Santo Cristo"},"content":{"rendered":"\t\t<div data-elementor-type=\"wp-page\" data-elementor-id=\"433\" class=\"elementor elementor-433\">\n\t\t\t\t\t\t<div class=\"elementor-inner\">\n\t\t\t\t<div class=\"elementor-section-wrap\">\n\t\t\t\t\t\t\t\t\t<section class=\"elementor-section elementor-top-section elementor-element elementor-element-50f376e7 elementor-section-boxed elementor-section-height-default elementor-section-height-default\" data-id=\"50f376e7\" data-element_type=\"section\">\n\t\t\t\t\t\t<div class=\"elementor-container elementor-column-gap-default\">\n\t\t\t\t\t\t\t<div class=\"elementor-row\">\n\t\t\t\t\t<div class=\"elementor-column elementor-col-100 elementor-top-column elementor-element elementor-element-4866b333\" data-id=\"4866b333\" data-element_type=\"column\">\n\t\t\t<div class=\"elementor-column-wrap elementor-element-populated\">\n\t\t\t\t\t\t\t<div class=\"elementor-widget-wrap\">\n\t\t\t\t\t\t<div class=\"elementor-element elementor-element-64f46427 elementor-widget elementor-widget-text-editor\" data-id=\"64f46427\" data-element_type=\"widget\" data-widget_type=\"text-editor.default\">\n\t\t\t\t<div class=\"elementor-widget-container\">\n\t\t\t\t\t\t\t\t<div class=\"elementor-text-editor elementor-clearfix\">\n\t\t\t\t<p><!-- wp:paragraph --><\/p>\n<p>En el a\u00f1o 2020 se cumple el 500 aniversario de la<br \/>presencia del Cristo en la Iglesia de Calatorao. Se est\u00e1n preparando las<br \/>actividades para celebrar tan importante efem\u00e9rides.<\/p>\n<p><!-- \/wp:paragraph --><\/p>\n<p><!-- wp:paragraph --><\/p>\n<p>Desde Barbacana ya se ha comenzado a actualizar la<br \/>informaci\u00f3n documental y fotogr\u00e1fica sobre el Cristo y las fiestas de la Cruz<br \/>celebradas en su honor desde 1613. Est\u00e1n apareciendo nuevos documentos en los<br \/>archivos hist\u00f3ricos y en breve se podr\u00e1n presentar nuevos resultado del estudio<br \/>que est\u00e1 llevando a cabo la asociaci\u00f3n.<\/p>\n<p><!-- \/wp:paragraph --><\/p>\t\t\t\t\t<\/div>\n\t\t\t\t\t\t<\/div>\n\t\t\t\t<\/div>\n\t\t\t\t\t\t<\/div>\n\t\t\t\t\t<\/div>\n\t\t<\/div>\n\t\t\t\t\t\t\t\t<\/div>\n\t\t\t\t\t<\/div>\n\t\t<\/section>\n\t\t\t\t<section class=\"elementor-section elementor-top-section elementor-element elementor-element-7be48b1 elementor-section-boxed elementor-section-height-default elementor-section-height-default\" data-id=\"7be48b1\" data-element_type=\"section\">\n\t\t\t\t\t\t<div class=\"elementor-container elementor-column-gap-default\">\n\t\t\t\t\t\t\t<div class=\"elementor-row\">\n\t\t\t\t\t<div class=\"elementor-column elementor-col-100 elementor-top-column elementor-element elementor-element-180ec8c\" data-id=\"180ec8c\" data-element_type=\"column\">\n\t\t\t<div class=\"elementor-column-wrap elementor-element-populated\">\n\t\t\t\t\t\t\t<div class=\"elementor-widget-wrap\">\n\t\t\t\t\t\t<div class=\"elementor-element elementor-element-01d232c elementor-widget elementor-widget-image-gallery\" data-id=\"01d232c\" data-element_type=\"widget\" data-widget_type=\"image-gallery.default\">\n\t\t\t\t<div class=\"elementor-widget-container\">\n\t\t\t\t\t<div class=\"elementor-image-gallery\">\n\t\t\t<div id='gallery-1' class='gallery galleryid-433 gallery-columns-3 gallery-size-thumbnail'><figure class='gallery-item'>\n\t\t\t<div class='gallery-icon portrait'>\n\t\t\t\t<a data-elementor-open-lightbox=\"yes\" data-elementor-lightbox-slideshow=\"01d232c\" data-elementor-lightbox-title=\"035\" e-action-hash=\"#elementor-action%3Aaction%3Dlightbox%26settings%3DeyJpZCI6NzkzLCJ1cmwiOiJodHRwczpcL1wvY2FsYXRvcmFvLm5ldFwvd3AtY29udGVudFwvdXBsb2Fkc1wvMjAxOVwvMDlcLzAzNS5qcGciLCJzbGlkZXNob3ciOiIwMWQyMzJjIn0%3D\" href='https:\/\/calatorao.net\/wp-content\/uploads\/2019\/09\/035.jpg'><img width=\"64\" height=\"96\" src=\"https:\/\/calatorao.net\/wp-content\/uploads\/2019\/09\/035.jpg\" class=\"attachment-thumbnail size-thumbnail\" alt=\"\" loading=\"lazy\" \/><\/a>\n\t\t\t<\/div><\/figure><figure class='gallery-item'>\n\t\t\t<div class='gallery-icon portrait'>\n\t\t\t\t<a data-elementor-open-lightbox=\"yes\" data-elementor-lightbox-slideshow=\"01d232c\" data-elementor-lightbox-title=\"Detalle Cristo\" e-action-hash=\"#elementor-action%3Aaction%3Dlightbox%26settings%3DeyJpZCI6Nzk0LCJ1cmwiOiJodHRwczpcL1wvY2FsYXRvcmFvLm5ldFwvd3AtY29udGVudFwvdXBsb2Fkc1wvMjAxOVwvMDlcL0RldGFsbGUtQ3Jpc3RvLmpwZyIsInNsaWRlc2hvdyI6IjAxZDIzMmMifQ%3D%3D\" href='https:\/\/calatorao.net\/wp-content\/uploads\/2019\/09\/Detalle-Cristo.jpg'><img width=\"61\" height=\"96\" src=\"https:\/\/calatorao.net\/wp-content\/uploads\/2019\/09\/Detalle-Cristo.jpg\" class=\"attachment-thumbnail size-thumbnail\" alt=\"\" loading=\"lazy\" \/><\/a>\n\t\t\t<\/div><\/figure><figure class='gallery-item'>\n\t\t\t<div class='gallery-icon portrait'>\n\t\t\t\t<a data-elementor-open-lightbox=\"yes\" data-elementor-lightbox-slideshow=\"01d232c\" data-elementor-lightbox-title=\"IM 183\" e-action-hash=\"#elementor-action%3Aaction%3Dlightbox%26settings%3DeyJpZCI6Nzk1LCJ1cmwiOiJodHRwczpcL1wvY2FsYXRvcmFvLm5ldFwvd3AtY29udGVudFwvdXBsb2Fkc1wvMjAxOVwvMDlcL0lNLTE4My5qcGciLCJzbGlkZXNob3ciOiIwMWQyMzJjIn0%3D\" href='https:\/\/calatorao.net\/wp-content\/uploads\/2019\/09\/IM-183.jpg'><img width=\"67\" height=\"96\" src=\"https:\/\/calatorao.net\/wp-content\/uploads\/2019\/09\/IM-183.jpg\" class=\"attachment-thumbnail size-thumbnail\" alt=\"\" loading=\"lazy\" \/><\/a>\n\t\t\t<\/div><\/figure>\n\t\t<\/div>\n\t\t<\/div>\n\t\t\t\t<\/div>\n\t\t\t\t<\/div>\n\t\t\t\t\t\t<\/div>\n\t\t\t\t\t<\/div>\n\t\t<\/div>\n\t\t\t\t\t\t\t\t<\/div>\n\t\t\t\t\t<\/div>\n\t\t<\/section>\n\t\t\t\t\t\t\t\t\t<\/div>\n\t\t\t<\/div>\n\t\t\t\t\t<\/div>\n\t\t","protected":false},"excerpt":{"rendered":"<p>En el a\u00f1o 2020 se cumple el 500 aniversario de lapresencia del Cristo en la Iglesia de Calatorao. Se est\u00e1n preparando lasactividades para celebrar tan importante efem\u00e9rides. Desde Barbacana ya se ha comenzado a actualizar lainformaci\u00f3n documental y fotogr\u00e1fica sobre el Cristo y las fiestas de la Cruzcelebradas en su honor desde 1613. Est\u00e1n apareciendo &#8230; <a title=\"500 Aniversario del Santo Cristo\" class=\"read-more\" href=\"https:\/\/calatorao.net\/?page_id=433\" aria-label=\"M\u00e1s en 500 Aniversario del Santo Cristo\">Leer m\u00e1s<\/a><\/p>\n","protected":false},"author":1,"featured_media":0,"parent":0,"menu_order":0,"comment_status":"closed","ping_status":"closed","template":"","meta":[],"_links":{"self":[{"href":"https:\/\/calatorao.net\/index.php?rest_route=\/wp\/v2\/pages\/433"}],"collection":[{"href":"https:\/\/calatorao.net\/index.php?rest_route=\/wp\/v2\/pages"}],"about":[{"href":"https:\/\/calatorao.net\/index.php?rest_route=\/wp\/v2\/types\/page"}],"author":[{"embeddable":true,"href":"https:\/\/calatorao.net\/index.php?rest_route=\/wp\/v2\/users\/1"}],"replies":[{"embeddable":true,"href":"https:\/\/calatorao.net\/index.php?rest_route=%2Fwp%2Fv2%2Fcomments&post=433"}],"version-history":[{"count":3,"href":"https:\/\/calatorao.net\/index.php?rest_route=\/wp\/v2\/pages\/433\/revisions"}],"predecessor-version":[{"id":858,"href":"https:\/\/calatorao.net\/index.php?rest_route=\/wp\/v2\/pages\/433\/revisions\/858"}],"wp:attachment":[{"href":"https:\/\/calatorao.net\/index.php?rest_route=%2Fwp%2Fv2%2Fmedia&parent=433"}],"curies":[{"name":"wp","href":"https:\/\/api.w.org\/{rel}","templated":true}]}}

<div data-elementor-type="wp-page" data-elementor-id="433" class="elementor elementor-433">
						<div class="elementor-inner">
				<div class="elementor-section-wrap">
									<section class="elementor-section elementor-top-section elementor-element elementor-element-50f376e7 elementor-section-boxed elementor-section-height-default elementor-section-height-default" data-id="50f376e7" data-element_type="section">
						<div class="elementor-container elementor-column-gap-default">
							<div class="elementor-row">
					<div class="elementor-column elementor-col-100 elementor-top-column elementor-element elementor-element-4866b333" data-id="4866b333" data-element_type="column">
			<div class="elementor-column-wrap elementor-element-populated">
							<div class="elementor-widget-wrap">
						<div class="elementor-element elementor-element-64f46427 elementor-widget elementor-widget-text-editor" data-id="64f46427" data-element_type="widget" data-widget_type="text-editor.default">
				<div class="elementor-widget-container">
								<div class="elementor-text-editor elementor-clearfix">
				<p><!-- wp:paragraph --></p>
<p>En el año 2020 se cumple el 500 aniversario de la<br />presencia del Cristo en la Iglesia de Calatorao. Se están preparando las<br />actividades para celebrar tan importante efemérides.</p>
<p><!-- /wp:paragraph --></p>
<p><!-- wp:paragraph --></p>
<p>Desde Barbacana ya se ha comenzado a actualizar la<br />información documental y fotográfica sobre el Cristo y las fiestas de la Cruz<br />celebradas en su honor desde 1613. Están apareciendo nuevos documentos en los<br />archivos históricos y en breve se podrán presentar nuevos resultado del estudio<br />que está llevando a cabo la asociación.</p>
<p><!-- /wp:paragraph --></p>					</div>
						</div>
				</div>
						</div>
					</div>
		</div>
								</div>
					</div>
		</section>
				<section class="elementor-section elementor-top-section elementor-element elementor-element-7be48b1 elementor-section-boxed elementor-section-height-default elementor-section-height-default" data-id="7be48b1" data-element_type="section">
						<div class="elementor-container elementor-column-gap-default">
							<div class="elementor-row">
					<div class="elementor-column elementor-col-100 elementor-top-column elementor-element elementor-element-180ec8c" data-id="180ec8c" data-element_type="column">
			<div class="elementor-column-wrap elementor-element-populated">
							<div class="elementor-widget-wrap">
						<div class="elementor-element elementor-element-01d232c elementor-widget elementor-widget-image-gallery" data-id="01d232c" data-element_type="widget" data-widget_type="image-gallery.default">
				<div class="elementor-widget-container">
					<div class="elementor-image-gallery">
			<div id='gallery-1' class='gallery galleryid-433 gallery-columns-3 gallery-size-thumbnail'><figure class='gallery-item'>
			<div class='gallery-icon portrait'>
				<a data-elementor-open-lightbox="yes" data-elementor-lightbox-slideshow="01d232c" data-elementor-lightbox-title="035" e-action-hash="#elementor-action%3Aaction%3Dlightbox%26settings%3DeyJpZCI6NzkzLCJ1cmwiOiJodHRwczpcL1wvY2FsYXRvcmFvLm5ldFwvd3AtY29udGVudFwvdXBsb2Fkc1wvMjAxOVwvMDlcLzAzNS5qcGciLCJzbGlkZXNob3ciOiIwMWQyMzJjIn0%3D" href='https://calatorao.net/wp-content/uploads/2019/09/035.jpg'><img width="64" height="96" src="https://calatorao.net/wp-content/uploads/2019/09/035.jpg" class="attachment-thumbnail size-thumbnail" alt="" loading="lazy" /></a>
			</div></figure><figure class='gallery-item'>
			<div class='gallery-icon portrait'>
				<a data-elementor-open-lightbox="yes" data-elementor-lightbox-slideshow="01d232c" data-elementor-lightbox-title="Detalle Cristo" e-action-hash="#elementor-action%3Aaction%3Dlightbox%26settings%3DeyJpZCI6Nzk0LCJ1cmwiOiJodHRwczpcL1wvY2FsYXRvcmFvLm5ldFwvd3AtY29udGVudFwvdXBsb2Fkc1wvMjAxOVwvMDlcL0RldGFsbGUtQ3Jpc3RvLmpwZyIsInNsaWRlc2hvdyI6IjAxZDIzMmMifQ%3D%3D" href='https://calatorao.net/wp-content/uploads/2019/09/Detalle-Cristo.jpg'><img width="61" height="96" src="https://calatorao.net/wp-content/uploads/2019/09/Detalle-Cristo.jpg" class="attachment-thumbnail size-thumbnail" alt="" loading="lazy" /></a>
			</div></figure><figure class='gallery-item'>
			<div class='gallery-icon portrait'>
				<a data-elementor-open-lightbox="yes" data-elementor-lightbox-slideshow="01d232c" data-elementor-lightbox-title="IM 183" e-action-hash="#elementor-action%3Aaction%3Dlightbox%26settings%3DeyJpZCI6Nzk1LCJ1cmwiOiJodHRwczpcL1wvY2FsYXRvcmFvLm5ldFwvd3AtY29udGVudFwvdXBsb2Fkc1wvMjAxOVwvMDlcL0lNLTE4My5qcGciLCJzbGlkZXNob3ciOiIwMWQyMzJjIn0%3D" href='https://calatorao.net/wp-content/uploads/2019/09/IM-183.jpg'><img width="67" height="96" src="https://calatorao.net/wp-content/uploads/2019/09/IM-183.jpg" class="attachment-thumbnail size-thumbnail" alt="" loading="lazy" /></a>
			</div></figure>
		</div>
		</div>
				</div>
				</div>
						</div>
					</div>
		</div>
								</div>
					</div>
		</section>
									</div>
			</div>
					</div>

<p>En el año 2020 se cumple el 500 aniversario de lapresencia del Cristo en la Iglesia de Calatorao. Se están preparando lasactividades para celebrar tan importante efemérides. Desde Barbacana ya se ha comenzado a actualizar lainformación documental y fotográfica sobre el Cristo y las fiestas de la Cruzcelebradas en su honor desde 1613. Están apareciendo &#8230; <a title="500 Aniversario del Santo Cristo" class="read-more" href="https://calatorao.net/?page_id=433" aria-label="Más en 500 Aniversario del Santo Cristo">Leer más</a></p>
