{"id":435,"date":"2019-09-04T17:24:50","date_gmt":"2019-09-04T15:24:50","guid":{"rendered":"https:\/\/calatorao.net\/?page_id=435"},"modified":"2019-09-12T20:44:32","modified_gmt":"2019-09-12T18:44:32","slug":"x-jornadas-de-castellologia-aragonesa","status":"publish","type":"page","link":"https:\/\/calatorao.net\/?page_id=435","title":{"rendered":"X Jornadas de Castellolog\u00eda Aragonesa"},"content":{"rendered":"\n<p>Se est\u00e1 trabajando ya en las X Jornadas de\nCastellolog\u00eda Aragonesa que tendr\u00e1n lugar nuevamente en Calatorao en noviembre\nde 2020. Por el momento adjuntamos el cartel de las jornadas anteriores.<\/p>\n\n\n\n<div class=\"wp-block-image\"><figure class=\"aligncenter is-resized\"><img loading=\"lazy\" src=\"https:\/\/calatorao.net\/wp-content\/uploads\/2019\/09\/cartel-jornadas-castellologia-2018_1.jpg\" alt=\"\" class=\"wp-image-797\" width=\"295\" height=\"420\"\/><\/figure><\/div>\n","protected":false},"excerpt":{"rendered":"<p>Se est\u00e1 trabajando ya en las X Jornadas de Castellolog\u00eda Aragonesa que tendr\u00e1n lugar nuevamente en Calatorao en noviembre de 2020. Por el momento adjuntamos el cartel de las jornadas anteriores.<\/p>\n","protected":false},"author":1,"featured_media":0,"parent":0,"menu_order":0,"comment_status":"closed","ping_status":"closed","template":"","meta":[],"_links":{"self":[{"href":"https:\/\/calatorao.net\/index.php?rest_route=\/wp\/v2\/pages\/435"}],"collection":[{"href":"https:\/\/calatorao.net\/index.php?rest_route=\/wp\/v2\/pages"}],"about":[{"href":"https:\/\/calatorao.net\/index.php?rest_route=\/wp\/v2\/types\/page"}],"author":[{"embeddable":true,"href":"https:\/\/calatorao.net\/index.php?rest_route=\/wp\/v2\/users\/1"}],"replies":[{"embeddable":true,"href":"https:\/\/calatorao.net\/index.php?rest_route=%2Fwp%2Fv2%2Fcomments&post=435"}],"version-history":[{"count":3,"href":"https:\/\/calatorao.net\/index.php?rest_route=\/wp\/v2\/pages\/435\/revisions"}],"predecessor-version":[{"id":799,"href":"https:\/\/calatorao.net\/index.php?rest_route=\/wp\/v2\/pages\/435\/revisions\/799"}],"wp:attachment":[{"href":"https:\/\/calatorao.net\/index.php?rest_route=%2Fwp%2Fv2%2Fmedia&parent=435"}],"curies":[{"name":"wp","href":"https:\/\/api.w.org\/{rel}","templated":true}]}}

X Jornadas de Castellología Aragonesa

<p>Se está trabajando ya en las X Jornadas de
Castellología Aragonesa que tendrán lugar nuevamente en Calatorao en noviembre
de 2020. Por el momento adjuntamos el cartel de las jornadas anteriores.</p>



<div class="wp-block-image"><figure class="aligncenter is-resized"><img loading="lazy" src="https://calatorao.net/wp-content/uploads/2019/09/cartel-jornadas-castellologia-2018_1.jpg" alt="" class="wp-image-797" width="295" height="420"/></figure></div>

<p>Se está trabajando ya en las X Jornadas de Castellología Aragonesa que tendrán lugar nuevamente en Calatorao en noviembre de 2020. Por el momento adjuntamos el cartel de las jornadas anteriores.</p>
