{"id":454,"date":"2019-09-04T17:57:39","date_gmt":"2019-09-04T15:57:39","guid":{"rendered":"https:\/\/calatorao.net\/?page_id=454"},"modified":"2020-10-23T14:50:19","modified_gmt":"2020-10-23T12:50:19","slug":"jornadas-de-castellologia-aragonesa","status":"publish","type":"page","link":"https:\/\/calatorao.net\/?page_id=454","title":{"rendered":"Jornadas de Castellolog\u00eda Aragonesa"},"content":{"rendered":"\t\t<div data-elementor-type=\"wp-post\" data-elementor-id=\"454\" class=\"elementor elementor-454\">\n\t\t\t\t\t\t<div class=\"elementor-inner\">\n\t\t\t\t<div class=\"elementor-section-wrap\">\n\t\t\t\t\t\t\t\t\t<section class=\"elementor-section elementor-top-section elementor-element elementor-element-6a11632 elementor-section-boxed elementor-section-height-default elementor-section-height-default\" data-id=\"6a11632\" data-element_type=\"section\">\n\t\t\t\t\t\t<div class=\"elementor-container elementor-column-gap-default\">\n\t\t\t\t\t\t\t<div class=\"elementor-row\">\n\t\t\t\t\t<div class=\"elementor-column elementor-col-100 elementor-top-column elementor-element elementor-element-0493f5d\" data-id=\"0493f5d\" data-element_type=\"column\">\n\t\t\t<div class=\"elementor-column-wrap elementor-element-populated\">\n\t\t\t\t\t\t\t<div class=\"elementor-widget-wrap\">\n\t\t\t\t\t\t<div class=\"elementor-element elementor-element-46610c5 elementor-position-top elementor-vertical-align-top elementor-widget elementor-widget-image-box\" data-id=\"46610c5\" data-element_type=\"widget\" data-widget_type=\"image-box.default\">\n\t\t\t\t<div class=\"elementor-widget-container\">\n\t\t\t<div class=\"elementor-image-box-wrapper\"><figure class=\"elementor-image-box-img\"><img width=\"896\" height=\"1831\" src=\"https:\/\/calatorao.net\/wp-content\/uploads\/2020\/10\/jornadas-castellologia-aplazadas-cartel-2020.jpg\" class=\"attachment-full size-full\" alt=\"\" loading=\"lazy\" \/><\/figure><div class=\"elementor-image-box-content\"><h3 class=\"elementor-image-box-title\">Este es el encabezado<\/h3><p class=\"elementor-image-box-description\">Aplazadas la X Jornadas de Castellolog\u00eda Aragonesa, previstas para el 6-7-8 de noviembre. \nLa organizaci\u00f3n valorar\u00e1 la posibilidad de realizarla m\u00e1s tarde o suspenderlas. <\/p><\/div><\/div>\t\t<\/div>\n\t\t\t\t<\/div>\n\t\t\t\t\t\t<\/div>\n\t\t\t\t\t<\/div>\n\t\t<\/div>\n\t\t\t\t\t\t\t\t<\/div>\n\t\t\t\t\t<\/div>\n\t\t<\/section>\n\t\t\t\t<section class=\"elementor-section elementor-top-section elementor-element elementor-element-76b70aa elementor-section-boxed elementor-section-height-default elementor-section-height-default\" data-id=\"76b70aa\" data-element_type=\"section\">\n\t\t\t\t\t\t<div class=\"elementor-container elementor-column-gap-default\">\n\t\t\t\t\t\t\t<div class=\"elementor-row\">\n\t\t\t\t\t<div class=\"elementor-column elementor-col-100 elementor-top-column elementor-element elementor-element-930f301\" data-id=\"930f301\" data-element_type=\"column\">\n\t\t\t<div class=\"elementor-column-wrap elementor-element-populated\">\n\t\t\t\t\t\t\t<div class=\"elementor-widget-wrap\">\n\t\t\t\t\t\t<div class=\"elementor-element elementor-element-f1585a2 elementor-widget elementor-widget-spacer\" data-id=\"f1585a2\" data-element_type=\"widget\" data-widget_type=\"spacer.default\">\n\t\t\t\t<div class=\"elementor-widget-container\">\n\t\t\t\t\t<div class=\"elementor-spacer\">\n\t\t\t<div class=\"elementor-spacer-inner\"><\/div>\n\t\t<\/div>\n\t\t\t\t<\/div>\n\t\t\t\t<\/div>\n\t\t\t\t\t\t<\/div>\n\t\t\t\t\t<\/div>\n\t\t<\/div>\n\t\t\t\t\t\t\t\t<\/div>\n\t\t\t\t\t<\/div>\n\t\t<\/section>\n\t\t\t\t<section class=\"elementor-section elementor-top-section elementor-element elementor-element-6c888b8d elementor-section-boxed elementor-section-height-default elementor-section-height-default\" data-id=\"6c888b8d\" data-element_type=\"section\">\n\t\t\t\t\t\t<div class=\"elementor-container elementor-column-gap-default\">\n\t\t\t\t\t\t\t<div class=\"elementor-row\">\n\t\t\t\t\t<div class=\"elementor-column elementor-col-100 elementor-top-column elementor-element elementor-element-3ba3e576\" data-id=\"3ba3e576\" data-element_type=\"column\">\n\t\t\t<div class=\"elementor-column-wrap elementor-element-populated\">\n\t\t\t\t\t\t\t<div class=\"elementor-widget-wrap\">\n\t\t\t\t\t\t<div class=\"elementor-element elementor-element-6b6d1f09 elementor-widget elementor-widget-text-editor\" data-id=\"6b6d1f09\" data-element_type=\"widget\" data-widget_type=\"text-editor.default\">\n\t\t\t\t<div class=\"elementor-widget-container\">\n\t\t\t\t\t\t\t\t<div class=\"elementor-text-editor elementor-clearfix\">\n\t\t\t\t<!-- wp:paragraph -->\n<p>Desde el a\u00f1o 2002, organizadas\npor Barbacana y la Asociaci\u00f3n para la Recuperaci\u00f3n de los Castillos de Arag\u00f3n,\nse celebran bianualmente las jornadas de castellolog\u00eda aragonesa.<\/p>\n<!-- \/wp:paragraph -->\n\n<!-- wp:paragraph -->\n<p>Desde el primer momento\nhan sido un \u00e9xito de asistencia de p\u00fablico amante de los castillos. M\u00e1s de 300\npersonas se dan cita cada dos a\u00f1os. Se celebran la primera quincena de\nNoviembre y se desarrollan temas relacionados con las fortificaciones. Los\nconferenciantes son especialistas en la materia, tanto de la comunidad\naragonesa como a nivel espa\u00f1ol. En el a\u00f1o 2018 las jornadas alcanzaron\nreconocimiento universitario al ser consideradas como actividad acad\u00e9mica\ncomplementaria de la Universidad de Zaragoza y darles valor en cr\u00e9ditos\nuniversitarios. Se publican las actas de todas las jornadas en los\ncorrespondientes libros, de mas de 300 p\u00e1ginas, que se encuentran a disposici\u00f3n\ndel p\u00fablico en general.<\/p>\n<!-- \/wp:paragraph -->\t\t\t\t\t<\/div>\n\t\t\t\t\t\t<\/div>\n\t\t\t\t<\/div>\n\t\t\t\t\t\t<\/div>\n\t\t\t\t\t<\/div>\n\t\t<\/div>\n\t\t\t\t\t\t\t\t<\/div>\n\t\t\t\t\t<\/div>\n\t\t<\/section>\n\t\t\t\t<section class=\"elementor-section elementor-top-section elementor-element elementor-element-21c6c47 elementor-section-boxed elementor-section-height-default elementor-section-height-default\" data-id=\"21c6c47\" data-element_type=\"section\">\n\t\t\t\t\t\t<div class=\"elementor-container elementor-column-gap-default\">\n\t\t\t\t\t\t\t<div class=\"elementor-row\">\n\t\t\t\t\t<div class=\"elementor-column elementor-col-100 elementor-top-column elementor-element elementor-element-9be3f63\" data-id=\"9be3f63\" data-element_type=\"column\">\n\t\t\t<div class=\"elementor-column-wrap elementor-element-populated\">\n\t\t\t\t\t\t\t<div class=\"elementor-widget-wrap\">\n\t\t\t\t\t\t<div class=\"elementor-element elementor-element-9719ea5 elementor-widget elementor-widget-image-gallery\" data-id=\"9719ea5\" data-element_type=\"widget\" data-widget_type=\"image-gallery.default\">\n\t\t\t\t<div class=\"elementor-widget-container\">\n\t\t\t\t\t<div class=\"elementor-image-gallery\">\n\t\t\t<div id='gallery-1' class='gallery galleryid-454 gallery-columns-7 gallery-size-thumbnail'><figure class='gallery-item'>\n\t\t\t<div class='gallery-icon landscape'>\n\t\t\t\t<a data-elementor-open-lightbox=\"yes\" data-elementor-lightbox-slideshow=\"9719ea5\" data-elementor-lightbox-title=\"carlos lasierra\" e-action-hash=\"#elementor-action%3Aaction%3Dlightbox%26settings%3DeyJpZCI6NzE0LCJ1cmwiOiJodHRwczpcL1wvY2FsYXRvcmFvLm5ldFwvd3AtY29udGVudFwvdXBsb2Fkc1wvMjAxOVwvMDlcL2Nhcmxvcy1sYXNpZXJyYS0xLmpwZyIsInNsaWRlc2hvdyI6Ijk3MTllYTUifQ%3D%3D\" href='https:\/\/calatorao.net\/wp-content\/uploads\/2019\/09\/carlos-lasierra-1.jpg'><img width=\"128\" height=\"86\" src=\"https:\/\/calatorao.net\/wp-content\/uploads\/2019\/09\/carlos-lasierra-1.jpg\" class=\"attachment-thumbnail size-thumbnail\" alt=\"\" loading=\"lazy\" \/><\/a>\n\t\t\t<\/div><\/figure><figure class='gallery-item'>\n\t\t\t<div class='gallery-icon landscape'>\n\t\t\t\t<a data-elementor-open-lightbox=\"yes\" data-elementor-lightbox-slideshow=\"9719ea5\" data-elementor-lightbox-title=\"foto rueda prensa DPZ 2016 jornadas\" e-action-hash=\"#elementor-action%3Aaction%3Dlightbox%26settings%3DeyJpZCI6NzE1LCJ1cmwiOiJodHRwczpcL1wvY2FsYXRvcmFvLm5ldFwvd3AtY29udGVudFwvdXBsb2Fkc1wvMjAxOVwvMDlcL2ZvdG8tcnVlZGEtcHJlbnNhLURQWi0yMDE2LWpvcm5hZGFzLTEuanBnIiwic2xpZGVzaG93IjoiOTcxOWVhNSJ9\" href='https:\/\/calatorao.net\/wp-content\/uploads\/2019\/09\/foto-rueda-prensa-DPZ-2016-jornadas-1.jpg'><img width=\"128\" height=\"72\" src=\"https:\/\/calatorao.net\/wp-content\/uploads\/2019\/09\/foto-rueda-prensa-DPZ-2016-jornadas-1.jpg\" class=\"attachment-thumbnail size-thumbnail\" alt=\"\" loading=\"lazy\" \/><\/a>\n\t\t\t<\/div><\/figure><figure class='gallery-item'>\n\t\t\t<div class='gallery-icon landscape'>\n\t\t\t\t<a data-elementor-open-lightbox=\"yes\" data-elementor-lightbox-slideshow=\"9719ea5\" data-elementor-lightbox-title=\"IMG_20181109_175927_HDR\" e-action-hash=\"#elementor-action%3Aaction%3Dlightbox%26settings%3DeyJpZCI6NzE2LCJ1cmwiOiJodHRwczpcL1wvY2FsYXRvcmFvLm5ldFwvd3AtY29udGVudFwvdXBsb2Fkc1wvMjAxOVwvMDlcL0lNR18yMDE4MTEwOV8xNzU5MjdfSERSLmpwZyIsInNsaWRlc2hvdyI6Ijk3MTllYTUifQ%3D%3D\" href='https:\/\/calatorao.net\/wp-content\/uploads\/2019\/09\/IMG_20181109_175927_HDR.jpg'><img width=\"128\" height=\"96\" src=\"https:\/\/calatorao.net\/wp-content\/uploads\/2019\/09\/IMG_20181109_175927_HDR.jpg\" class=\"attachment-thumbnail size-thumbnail\" alt=\"\" loading=\"lazy\" \/><\/a>\n\t\t\t<\/div><\/figure><figure class='gallery-item'>\n\t\t\t<div class='gallery-icon landscape'>\n\t\t\t\t<a data-elementor-open-lightbox=\"yes\" data-elementor-lightbox-slideshow=\"9719ea5\" data-elementor-lightbox-title=\"IMG_20181109_184730_HDR\" e-action-hash=\"#elementor-action%3Aaction%3Dlightbox%26settings%3DeyJpZCI6NzE3LCJ1cmwiOiJodHRwczpcL1wvY2FsYXRvcmFvLm5ldFwvd3AtY29udGVudFwvdXBsb2Fkc1wvMjAxOVwvMDlcL0lNR18yMDE4MTEwOV8xODQ3MzBfSERSLmpwZyIsInNsaWRlc2hvdyI6Ijk3MTllYTUifQ%3D%3D\" href='https:\/\/calatorao.net\/wp-content\/uploads\/2019\/09\/IMG_20181109_184730_HDR.jpg'><img width=\"128\" height=\"96\" src=\"https:\/\/calatorao.net\/wp-content\/uploads\/2019\/09\/IMG_20181109_184730_HDR.jpg\" class=\"attachment-thumbnail size-thumbnail\" alt=\"\" loading=\"lazy\" \/><\/a>\n\t\t\t<\/div><\/figure><figure class='gallery-item'>\n\t\t\t<div class='gallery-icon landscape'>\n\t\t\t\t<a data-elementor-open-lightbox=\"yes\" data-elementor-lightbox-slideshow=\"9719ea5\" data-elementor-lightbox-title=\"IMG_20181109_184917_HDR\" e-action-hash=\"#elementor-action%3Aaction%3Dlightbox%26settings%3DeyJpZCI6NzE4LCJ1cmwiOiJodHRwczpcL1wvY2FsYXRvcmFvLm5ldFwvd3AtY29udGVudFwvdXBsb2Fkc1wvMjAxOVwvMDlcL0lNR18yMDE4MTEwOV8xODQ5MTdfSERSLmpwZyIsInNsaWRlc2hvdyI6Ijk3MTllYTUifQ%3D%3D\" href='https:\/\/calatorao.net\/wp-content\/uploads\/2019\/09\/IMG_20181109_184917_HDR.jpg'><img width=\"128\" height=\"96\" src=\"https:\/\/calatorao.net\/wp-content\/uploads\/2019\/09\/IMG_20181109_184917_HDR.jpg\" class=\"attachment-thumbnail size-thumbnail\" alt=\"\" loading=\"lazy\" \/><\/a>\n\t\t\t<\/div><\/figure><figure class='gallery-item'>\n\t\t\t<div class='gallery-icon portrait'>\n\t\t\t\t<a data-elementor-open-lightbox=\"yes\" data-elementor-lightbox-slideshow=\"9719ea5\" data-elementor-lightbox-title=\"IMG_20181109_211658_HDR\" e-action-hash=\"#elementor-action%3Aaction%3Dlightbox%26settings%3DeyJpZCI6NzE5LCJ1cmwiOiJodHRwczpcL1wvY2FsYXRvcmFvLm5ldFwvd3AtY29udGVudFwvdXBsb2Fkc1wvMjAxOVwvMDlcL0lNR18yMDE4MTEwOV8yMTE2NThfSERSLmpwZyIsInNsaWRlc2hvdyI6Ijk3MTllYTUifQ%3D%3D\" href='https:\/\/calatorao.net\/wp-content\/uploads\/2019\/09\/IMG_20181109_211658_HDR.jpg'><img width=\"72\" height=\"96\" src=\"https:\/\/calatorao.net\/wp-content\/uploads\/2019\/09\/IMG_20181109_211658_HDR.jpg\" class=\"attachment-thumbnail size-thumbnail\" alt=\"\" loading=\"lazy\" \/><\/a>\n\t\t\t<\/div><\/figure><figure class='gallery-item'>\n\t\t\t<div class='gallery-icon landscape'>\n\t\t\t\t<a data-elementor-open-lightbox=\"yes\" data-elementor-lightbox-slideshow=\"9719ea5\" data-elementor-lightbox-title=\"IMG-20181111-WA0015\" e-action-hash=\"#elementor-action%3Aaction%3Dlightbox%26settings%3DeyJpZCI6NzIwLCJ1cmwiOiJodHRwczpcL1wvY2FsYXRvcmFvLm5ldFwvd3AtY29udGVudFwvdXBsb2Fkc1wvMjAxOVwvMDlcL0lNRy0yMDE4MTExMS1XQTAwMTUuanBnIiwic2xpZGVzaG93IjoiOTcxOWVhNSJ9\" href='https:\/\/calatorao.net\/wp-content\/uploads\/2019\/09\/IMG-20181111-WA0015.jpg'><img width=\"128\" height=\"96\" src=\"https:\/\/calatorao.net\/wp-content\/uploads\/2019\/09\/IMG-20181111-WA0015.jpg\" class=\"attachment-thumbnail size-thumbnail\" alt=\"\" loading=\"lazy\" \/><\/a>\n\t\t\t<\/div><\/figure>\n\t\t<\/div>\n\t\t<\/div>\n\t\t\t\t<\/div>\n\t\t\t\t<\/div>\n\t\t\t\t\t\t<\/div>\n\t\t\t\t\t<\/div>\n\t\t<\/div>\n\t\t\t\t\t\t\t\t<\/div>\n\t\t\t\t\t<\/div>\n\t\t<\/section>\n\t\t\t\t<section class=\"elementor-section elementor-top-section elementor-element elementor-element-dcdcd30 elementor-section-boxed elementor-section-height-default elementor-section-height-default\" data-id=\"dcdcd30\" data-element_type=\"section\">\n\t\t\t\t\t\t<div class=\"elementor-container elementor-column-gap-default\">\n\t\t\t\t\t\t\t<div class=\"elementor-row\">\n\t\t\t\t\t<div class=\"elementor-column elementor-col-100 elementor-top-column elementor-element elementor-element-6d0824d\" data-id=\"6d0824d\" data-element_type=\"column\">\n\t\t\t<div class=\"elementor-column-wrap elementor-element-populated\">\n\t\t\t\t\t\t\t<div class=\"elementor-widget-wrap\">\n\t\t\t\t\t\t<div class=\"elementor-element elementor-element-c05348e elementor-widget elementor-widget-image-gallery\" data-id=\"c05348e\" data-element_type=\"widget\" data-widget_type=\"image-gallery.default\">\n\t\t\t\t<div class=\"elementor-widget-container\">\n\t\t\t\t\t<div class=\"elementor-image-gallery\">\n\t\t\t<div id='gallery-2' class='gallery galleryid-454 gallery-columns-7 gallery-size-thumbnail'><figure class='gallery-item'>\n\t\t\t<div class='gallery-icon landscape'>\n\t\t\t\t<a data-elementor-open-lightbox=\"yes\" data-elementor-lightbox-slideshow=\"c05348e\" data-elementor-lightbox-title=\"mesa redonda inauguracion\" e-action-hash=\"#elementor-action%3Aaction%3Dlightbox%26settings%3DeyJpZCI6NzIxLCJ1cmwiOiJodHRwczpcL1wvY2FsYXRvcmFvLm5ldFwvd3AtY29udGVudFwvdXBsb2Fkc1wvMjAxOVwvMDlcL21lc2EtcmVkb25kYS1pbmF1Z3VyYWNpb24uanBnIiwic2xpZGVzaG93IjoiYzA1MzQ4ZSJ9\" href='https:\/\/calatorao.net\/wp-content\/uploads\/2019\/09\/mesa-redonda-inauguracion.jpg'><img width=\"128\" height=\"96\" src=\"https:\/\/calatorao.net\/wp-content\/uploads\/2019\/09\/mesa-redonda-inauguracion.jpg\" class=\"attachment-thumbnail size-thumbnail\" alt=\"\" loading=\"lazy\" \/><\/a>\n\t\t\t<\/div><\/figure><figure class='gallery-item'>\n\t\t\t<div class='gallery-icon landscape'>\n\t\t\t\t<a data-elementor-open-lightbox=\"yes\" data-elementor-lightbox-slideshow=\"c05348e\" data-elementor-lightbox-title=\"organizadorescasino\" e-action-hash=\"#elementor-action%3Aaction%3Dlightbox%26settings%3DeyJpZCI6NzIyLCJ1cmwiOiJodHRwczpcL1wvY2FsYXRvcmFvLm5ldFwvd3AtY29udGVudFwvdXBsb2Fkc1wvMjAxOVwvMDlcL29yZ2FuaXphZG9yZXNjYXNpbm8uanBnIiwic2xpZGVzaG93IjoiYzA1MzQ4ZSJ9\" href='https:\/\/calatorao.net\/wp-content\/uploads\/2019\/09\/organizadorescasino.jpg'><img width=\"128\" height=\"84\" src=\"https:\/\/calatorao.net\/wp-content\/uploads\/2019\/09\/organizadorescasino.jpg\" class=\"attachment-thumbnail size-thumbnail\" alt=\"\" loading=\"lazy\" srcset=\"https:\/\/calatorao.net\/wp-content\/uploads\/2019\/09\/organizadorescasino.jpg 882w, https:\/\/calatorao.net\/wp-content\/uploads\/2019\/09\/organizadorescasino-768x502.jpg 768w\" sizes=\"(max-width: 128px) 100vw, 128px\" \/><\/a>\n\t\t\t<\/div><\/figure><figure class='gallery-item'>\n\t\t\t<div class='gallery-icon landscape'>\n\t\t\t\t<a data-elementor-open-lightbox=\"yes\" data-elementor-lightbox-slideshow=\"c05348e\" data-elementor-lightbox-title=\"P1000189\" e-action-hash=\"#elementor-action%3Aaction%3Dlightbox%26settings%3DeyJpZCI6NzIzLCJ1cmwiOiJodHRwczpcL1wvY2FsYXRvcmFvLm5ldFwvd3AtY29udGVudFwvdXBsb2Fkc1wvMjAxOVwvMDlcL1AxMDAwMTg5LmpwZyIsInNsaWRlc2hvdyI6ImMwNTM0OGUifQ%3D%3D\" href='https:\/\/calatorao.net\/wp-content\/uploads\/2019\/09\/P1000189.jpg'><img width=\"128\" height=\"96\" src=\"https:\/\/calatorao.net\/wp-content\/uploads\/2019\/09\/P1000189.jpg\" class=\"attachment-thumbnail size-thumbnail\" alt=\"\" loading=\"lazy\" \/><\/a>\n\t\t\t<\/div><\/figure><figure class='gallery-item'>\n\t\t\t<div class='gallery-icon landscape'>\n\t\t\t\t<a data-elementor-open-lightbox=\"yes\" data-elementor-lightbox-slideshow=\"c05348e\" data-elementor-lightbox-title=\"P1080120\" e-action-hash=\"#elementor-action%3Aaction%3Dlightbox%26settings%3DeyJpZCI6NzI0LCJ1cmwiOiJodHRwczpcL1wvY2FsYXRvcmFvLm5ldFwvd3AtY29udGVudFwvdXBsb2Fkc1wvMjAxOVwvMDlcL1AxMDgwMTIwLmpwZyIsInNsaWRlc2hvdyI6ImMwNTM0OGUifQ%3D%3D\" href='https:\/\/calatorao.net\/wp-content\/uploads\/2019\/09\/P1080120.jpg'><img width=\"128\" height=\"96\" src=\"https:\/\/calatorao.net\/wp-content\/uploads\/2019\/09\/P1080120.jpg\" class=\"attachment-thumbnail size-thumbnail\" alt=\"\" loading=\"lazy\" \/><\/a>\n\t\t\t<\/div><\/figure><figure class='gallery-item'>\n\t\t\t<div class='gallery-icon landscape'>\n\t\t\t\t<a data-elementor-open-lightbox=\"yes\" data-elementor-lightbox-slideshow=\"c05348e\" data-elementor-lightbox-title=\"P1080145\" e-action-hash=\"#elementor-action%3Aaction%3Dlightbox%26settings%3DeyJpZCI6NzI1LCJ1cmwiOiJodHRwczpcL1wvY2FsYXRvcmFvLm5ldFwvd3AtY29udGVudFwvdXBsb2Fkc1wvMjAxOVwvMDlcL1AxMDgwMTQ1LmpwZyIsInNsaWRlc2hvdyI6ImMwNTM0OGUifQ%3D%3D\" href='https:\/\/calatorao.net\/wp-content\/uploads\/2019\/09\/P1080145.jpg'><img width=\"128\" height=\"96\" src=\"https:\/\/calatorao.net\/wp-content\/uploads\/2019\/09\/P1080145.jpg\" class=\"attachment-thumbnail size-thumbnail\" alt=\"\" loading=\"lazy\" \/><\/a>\n\t\t\t<\/div><\/figure><figure class='gallery-item'>\n\t\t\t<div class='gallery-icon landscape'>\n\t\t\t\t<a data-elementor-open-lightbox=\"yes\" data-elementor-lightbox-slideshow=\"c05348e\" data-elementor-lightbox-title=\"P1080158\" e-action-hash=\"#elementor-action%3Aaction%3Dlightbox%26settings%3DeyJpZCI6NzI2LCJ1cmwiOiJodHRwczpcL1wvY2FsYXRvcmFvLm5ldFwvd3AtY29udGVudFwvdXBsb2Fkc1wvMjAxOVwvMDlcL1AxMDgwMTU4LmpwZyIsInNsaWRlc2hvdyI6ImMwNTM0OGUifQ%3D%3D\" href='https:\/\/calatorao.net\/wp-content\/uploads\/2019\/09\/P1080158.jpg'><img width=\"128\" height=\"96\" src=\"https:\/\/calatorao.net\/wp-content\/uploads\/2019\/09\/P1080158.jpg\" class=\"attachment-thumbnail size-thumbnail\" alt=\"\" loading=\"lazy\" \/><\/a>\n\t\t\t<\/div><\/figure><figure class='gallery-item'>\n\t\t\t<div class='gallery-icon landscape'>\n\t\t\t\t<a data-elementor-open-lightbox=\"yes\" data-elementor-lightbox-slideshow=\"c05348e\" data-elementor-lightbox-title=\"P1080219\" e-action-hash=\"#elementor-action%3Aaction%3Dlightbox%26settings%3DeyJpZCI6NzI3LCJ1cmwiOiJodHRwczpcL1wvY2FsYXRvcmFvLm5ldFwvd3AtY29udGVudFwvdXBsb2Fkc1wvMjAxOVwvMDlcL1AxMDgwMjE5LmpwZyIsInNsaWRlc2hvdyI6ImMwNTM0OGUifQ%3D%3D\" href='https:\/\/calatorao.net\/wp-content\/uploads\/2019\/09\/P1080219.jpg'><img width=\"128\" height=\"96\" src=\"https:\/\/calatorao.net\/wp-content\/uploads\/2019\/09\/P1080219.jpg\" class=\"attachment-thumbnail size-thumbnail\" alt=\"\" loading=\"lazy\" \/><\/a>\n\t\t\t<\/div><\/figure>\n\t\t<\/div>\n\t\t<\/div>\n\t\t\t\t<\/div>\n\t\t\t\t<\/div>\n\t\t\t\t\t\t<\/div>\n\t\t\t\t\t<\/div>\n\t\t<\/div>\n\t\t\t\t\t\t\t\t<\/div>\n\t\t\t\t\t<\/div>\n\t\t<\/section>\n\t\t\t\t\t\t\t\t\t<\/div>\n\t\t\t<\/div>\n\t\t\t\t\t<\/div>\n\t\t","protected":false},"excerpt":{"rendered":"<p>Este es el encabezado Aplazadas la X Jornadas de Castellolog\u00eda Aragonesa, previstas para el 6-7-8 de noviembre. La organizaci\u00f3n valorar\u00e1 la posibilidad de realizarla m\u00e1s tarde o suspenderlas. Desde el a\u00f1o 2002, organizadas por Barbacana y la Asociaci\u00f3n para la Recuperaci\u00f3n de los Castillos de Arag\u00f3n, se celebran bianualmente las jornadas de castellolog\u00eda aragonesa. Desde &#8230; <a title=\"Jornadas de Castellolog\u00eda Aragonesa\" class=\"read-more\" href=\"https:\/\/calatorao.net\/?page_id=454\" aria-label=\"M\u00e1s en Jornadas de Castellolog\u00eda Aragonesa\">Leer m\u00e1s<\/a><\/p>\n","protected":false},"author":1,"featured_media":0,"parent":0,"menu_order":0,"comment_status":"closed","ping_status":"closed","template":"","meta":[],"_links":{"self":[{"href":"https:\/\/calatorao.net\/index.php?rest_route=\/wp\/v2\/pages\/454"}],"collection":[{"href":"https:\/\/calatorao.net\/index.php?rest_route=\/wp\/v2\/pages"}],"about":[{"href":"https:\/\/calatorao.net\/index.php?rest_route=\/wp\/v2\/types\/page"}],"author":[{"embeddable":true,"href":"https:\/\/calatorao.net\/index.php?rest_route=\/wp\/v2\/users\/1"}],"replies":[{"embeddable":true,"href":"https:\/\/calatorao.net\/index.php?rest_route=%2Fwp%2Fv2%2Fcomments&post=454"}],"version-history":[{"count":7,"href":"https:\/\/calatorao.net\/index.php?rest_route=\/wp\/v2\/pages\/454\/revisions"}],"predecessor-version":[{"id":1176,"href":"https:\/\/calatorao.net\/index.php?rest_route=\/wp\/v2\/pages\/454\/revisions\/1176"}],"wp:attachment":[{"href":"https:\/\/calatorao.net\/index.php?rest_route=%2Fwp%2Fv2%2Fmedia&parent=454"}],"curies":[{"name":"wp","href":"https:\/\/api.w.org\/{rel}","templated":true}]}}